50226 - -4?
4735022a
In base 16, what is 13 - 431504?
-4314f1
In base 2, what is -10000101100001 + -110011100000?
-10111001000001
In base 12, what is -406b84 + -23?
-406ba7
In base 11, what is -10489886 - -1?
-10489885
In base 13, what is 51 - a4c71?
-a4c20
In base 10, what is -43269974 + 0?
-43269974
In base 13, what is b65 - -abaa2?
ac937
In base 8, what is 5756 - -2033052?
2041030
In base 6, what is -14350324 + 11?
-14350313
In base 9, what is -18334 + 4316?
-14017
In base 4, what is 21120030201222 - -2?
21120030201230
In base 4, what is 210 - -32331203?
32332013
In base 3, what is 1211222012 + 101000?
1212100012
In base 8, what is -26247 - -6?
-26241
In base 16, what is 11323 - -d?
11330
In base 14, what is -12ad - 641?
-1910
In base 16, what is 4b5c + 9b?
4bf7
In base 15, what is -40d7 + -1154?
-523b
In base 15, what is -80 + 5074b6?
507436
In base 7, what is 50433206415 + -3?
50433206412
In base 13, what is -624 - 6582?
-6ba6
In base 8, what is -1067 + 16537?
15450
In base 16, what is 1a12 - -2291?
3ca3
In base 9, what is 6 + -715745?
-715738
In base 12, what is -14062 + 2554?
-1170a
In base 6, what is 15 - -132432324?
132432343
In base 10, what is -2540757 + 10?
-2540747
In base 2, what is -111011 + 10111111111101010?
10111111110101111
In base 2, what is 11101110 - -10100010110?
11000000100
In base 6, what is 44 - -15524101?
15524145
In base 5, what is 4 + 2033224240?
2033224244
In base 3, what is 102212 - -201122111220?
201122221202
In base 6, what is 253420432 - -10?
253420442
In base 13, what is -21 - -a34532a?
a345309
In base 11, what is 3a216 - -63?
3a279
In base 13, what is c6 - -2123?
2219
In base 5, what is 32143 + 113124?
200322
In base 16, what is -a8 - 86e46?
-86eee
In base 11, what is 736a48 - -1a?
736a67
In base 7, what is 105 + -1322214?
-1322106
In base 2, what is -111100100 - -1000100011001110?
1000011011101010
In base 12, what is 656a397 - 8?
656a38b
In base 5, what is 4121 - 1421300?
-1412124
In base 13, what is 1085941 + -10?
1085931
In base 11, what is 8a9a20 - -3?
8a9a23
In base 11, what is 11272916 - 1?
11272915
In base 10, what is -551083347 - -4?
-551083343
In base 5, what is -24103330 - -311?
-24103014
In base 13, what is 4 - -249a3aba?
249a3ac1
In base 8, what is 24002657 - 3?
24002654
In base 8, what is 1111650 - 11?
1111637
In base 4, what is -110 - -20332000201?
20332000031
In base 13, what is -188c15 + -45b?
-189373
In base 4, what is -131300202 + -1203?
-131302011
In base 6, what is 221 + -1044321?
-1044100
In base 12, what is -70 + -1ab845?
-1ab8b5
In base 8, what is -3722260 + -3?
-3722263
In base 10, what is 442 - 1037856?
-1037414
In base 6, what is -135 - -1052344?
1052205
In base 7, what is 14030 - -104051?
121111
In base 6, what is 5 - -122542221?
122542230
In base 12, what is 252 + -39268?
-39016
In base 16, what is 1 + 29ffa4?
29ffa5
In base 3, what is -211001010 + -1102222?
-212111002
In base 10, what is -203878 + -851?
-204729
In base 5, what is 2013001 - 202?
2012244
In base 7, what is 226 - -23660243?
23660502
In base 8, what is 150 - -1377075?
1377245
In base 4, what is -10323 + 23220203002?
23220132013
In base 3, what is 0 - -1122012211000111?
1122012211000111
In base 4, what is -10211 - 113323203?
-120000020
In base 2, what is -100000100101 + -10001100100?
-110010001001
In base 3, what is -221211 + 112210022?
111211111
In base 6, what is -22402 + 3201234?
3134432
In base 14, what is 4a - -4db45?
4db91
In base 5, what is -31023120443 - 0?
-31023120443
In base 14, what is 1c20 - -4603?
6423
In base 2, what is 11111001100011111110000011 - -100?
11111001100011111110000111
In base 3, what is -1110002210 - -2020020?
-1100212120
In base 9, what is -21 - -764120?
764088
In base 10, what is 7021345 + 2?
7021347
In base 5, what is 10 + 1342002020?
1342002030
In base 7, what is 453130462 - 10?
453130452
In base 10, what is -6172755 - -13?
-6172742
In base 2, what is 110 - 1011010101111001101110?
-1011010101111001101000
In base 10, what is -5 + 10430003?
10429998
In base 8, what is -407152 + 566?
-406364
In base 16, what is -261fef4 + -4?
-261fef8
In base 16, what is 126 + -a8abb?
-a8995
In base 2, what is 100000110111100000110 + 1101001?
100000110111101101111
In base 12, what is 53 - 128b65?
-128b12
In base 5, what is -110314322321 + -4?
-110314322330
In base 3, what is 2 + -102020201111110?
-102020201111101
In base 4, what is 0 + 3220132111?
3220132111
In base 14, what is -4d4 + 18359?
17c65
In base 2, what is -1001011101010011 - -1101001010?
-1001010000001001
In base 2, what is 1000101100010 - -100100010000?
1101001110010
In base 10, what is -70382966 + 0?
-70382966
In base 2, what is -101010100110111110 + -101110?
-101010100111101100
In base 4, what is 11 - -30012330313?
30012330330
In base 13, what is 2 - b38b29?
-b38b27
In base 8, what is 1604 + -771?
613
In base 11, what is -40a834 + a?
-40a825
In base 9, what is -44718 + -572?
-45401
In base 10, what is 369 + 23207?
23576
In base 8, what is -73047 + -506?
-73555
In base 16, what is -3f + -2d4ee?
-2d52d
In base 6, what is -10510 + 122315?
111405
In base 8, what is 5 + 33710723?
33710730
In base 10, what is 270118 + -432?
269686
In base 15, what is 1b48 + -1a4?
1994
In base 6, what is -435005253 + -114?
-435005411
In base 10, what is 2 - -3541307?
3541309
In base 8, what is -705234102 + 2?
-705234100
In base 6, what is -34 + -32402123?
-32402201
In base 11, what is 617765 - -112?
617877
In base 5, what is 12 + -10041203?
-10041141
In base 5, what is 334 - 342314323?
-342313434
In base 8, what is -2141024473 - 3?
-2141024476
In base 12, what is 6 - b8385a0?
-b838596
In base 13, what is 3095016 - -1?
3095017
In base 10, what is -637 - -26267?
25630
In base 15, what is -569 - 696?
-c10
In base 5, what is -21041134 + 402?
-21040232
In base 7, what is 0 + -14014530?
-14014530
In base 11, what is -4 - -1000361?
1000358
In base 6, what is -343105450 + 34?
-343105412
In base 6, what is 34345104501 - -1?
34345104502
In base 10, what is -3 + 682769?
682766
In base 13, what is 126a95 + -68?
126a2a
In base 8, what is 100547061 + -2?
100547057
In base 15, what is -3cc33d + -1e?
-3cc35c
In base 7, what is -20 - -325265?
325245
In base 2, what is 100011110010101100000 - -1000101?
100011110010110100101
In base 3, what is -2022112202102 + 10?
-2022112202022
In base 9, what is -3646504 + -4?
-3646508
In base 7, what is -2352335 - 6?
-2352344
In base 12, what is 15 + -566974?
-56695b
In base 2, what is 100000111100110100110001 - 1000?
100000111100110100101001
In base 16, what is -5 + 7b59c7?
7b59c2
In base 3, what is 121112000 + -1011120?
120100110
In base 10, what is 0 - -6413503?
6413503
In base 4, what is 1 + -3301223000233?
-3301223000232
In base 16, what is 22413b1 - 2?
22413af
In base 9, what is -221771368 - -4?
-221771364
In base 14, what is d67c107 - -8?
d67c111
In base 8, what is 320317 - -1170?
321507
In base 3, what is 1111122110012 + -111?
1111122102201
In base 15, what is 488a6b3 + -e?
488a6a4
In base 14, what is 1117 - 6804?
-56cb
In base 3, what is -120210 - 22221000102?
-22221121012
In base 7, what is 3225363155 - 2?
3225363153
In base 8, what is -50 - 442764?
-443034
In base 5, what is -3 + 112040201030?
112040201022
In base 5, what is 1041 + 23230421?
23232012
In base 15, what is 248 + 4881?
4ac9
In base 9, what is 2152133264 + -4?
2152133260
In base 2, what is 101101101001000 + 1111010001?
101111100011001
In base 13, what is -21207b - 7?
-212085
In base 11, what is -82576080 + 7?
-82576074
In base 10, what is 70205 - -217?
70422
In base 3, what is -220012100202210 - -10?
-220012100202200
In base 15, what is 321 - -3369?
368a
In base 10, what is -6381 + -383?
-6764
In base 5, what is -10033134 - -30221?
-10002413
In base 10, what is 7 - 407918?
-407911
In base 6, what is -5 - 12512301?
-12512310
In base 8, what is -177561 - 331?
-200112
In base 6, what is -10 + 102212510?
102212500
In base 7, what is 3 + -61465036?
-61465033
In base 14, what is -1bba11 + 68?
-1bb987
In base 14, what is 1917 + -173?
1784
In base 4, what is -1 + -313133020122?
-313133020123
In base 2, what is 10 + -11110001111000001010010?
-11110001111000001010000
In base 12, what is -5099b9 + 3?
-5099b6
In base 13, what is -37 + 179865?
17982b
In base 7, what is -1325 - 141636